(h)?
-3
Let v(r) be the second derivative of -r**5/20 - 5*r**4/12 - r**3/2 + 3*r**2/2 - r. Let j = -12 + 30. Let o be (1/(-3))/(2/j). Give v(o).
-6
Suppose 0*f + 10 = 5*f + 5*c, 4*c = 12. Let r(v) = -14*v**2 + v + 1. Determine r(f).
-14
Let t(c) = -c + 7. Let n = -19 - -24. What is t(n)?
2
Let n(k) = k**2 + 8*k + 3. Suppose 6 = -c - c + 4*m, -4*m - 29 = 3*c. Calculate n(c).
-4
Let c(j) = j**3 - 2*j**2 + 1. Let u(x) = 5*x**2 - 3. Let i be u(1). Determine c(i).
1
Let c(p) be the first derivative of p**2/2 - 5*p + 1. Determine c(7).
2
Let a = -13 - -9. Let b(l) = 2*l + 3. Give b(a).
-5
Let m(q) = q**3 - 2*q**2 + 3*q - 3. Let p be (4/10)/((-182)/(-35) + -5). Determine m(p).
3
Let w(u) be the first derivative of -u**3/3 - 3*u**2 - 5*u - 3. Calculate w(-7).
-12
Suppose -q - 2 - 7 = 3*r, 18 = -3*r - 4*q. Let s = -1 - r. Let g(f) be the first derivative of -3*f**4/2 - f**2/2 + f + 2. Give g(s).
-6
Let c = 3 + 2. Let g(z) be the third derivative of 2*z**2 - 5/6*z**3 - 5/24*z**4 + 0 + 0*z + 1/60*z**c. What is g(5)?
-5
Let r(s) = -s**2 - s. Let j(n) = -6*n**2 - n + 1. Let a(v) = -j(v) + 5*r(v). Determine a(5).
4
Suppose 7*j - 2*j + 25 = 0. Let r(q) = -q**3 - 4*q**2 + 6*q + 5. Determine r(j).
0
Let q = -5 + 6. Let w(d) = -14*d + 7*d - 1 + d + 7*d. Calculate w(q).
0
Suppose 2*m - 6*m = -8. Let k(b) be the second derivative of 1/6*b**3 - 1/2*b**m + 0 + 2*b. Calculate k(2).
1
Let z(n) = -n + 5*n**3 - 4 - 4*n**3 + 4*n + 0*n**3 + 5*n**2. Calculate z(-3).
5
Let g(l) be the second derivative of -l**5/10 + l**4/12 - l**2/2 + l. Suppose 17 - 1 = w - 3*p, -3*w - 22 = 5*p. Give g(w).
-2
Let x(n) = -22*n + 47*n - 2 - 23*n. Give x(-2).
-6
Let k(x) = x - 9. Suppose -7 = -6*y + 35. Determine k(y).
-2
Let g(p) = p**2 + 11*p + 12. Let b be g(-10). Let t(y) be the third derivative of 0*y**3 + 0*y - 11/120*y**6 + 0*y**4 + 0 - 3*y**b + 0*y**5. Calculate t(1).
-11
Let l be 2/(-8) + 20/16. Let p(w) = -w**3 - 3*w**2 - 5*w + 4. Let a(u) = 0*u**3 + 6*u**2 - 8*u**2 + 3 - u**3 - 4*u. Let o(n) = 3*a(n) - 2*p(n). Calculate o(l).
-2
Let t(h) = h**2 - 15*h - 4. Let r be t(15). Let b(s) = -2*s**2 - 3*s + 1. Calculate b(r).
-19
Let v(g) be the third derivative of -g**6/120 - g**5/60 + g**4/24 - g**3/6 + g**2. Suppose -4*j + 3*t - 3 + 1 = 0, -5*j - 2*t + 9 = 0. What is v(j)?
-2
Let b(o) = -1 - 4*o + 8 - 1. Let i = 16 - 14. Suppose 0 = 3*d - i*v + 5 - 13, 5*d = 2*v + 16. Give b(d).
-10
Let n(r) = -r**3 - 6*r**2 + 4. Suppose -x + 32 = 4*i - 3, 4*x - 104 = 2*i. Suppose -4*j = -3*j - 5*z + 31, -3*z = -2*j - x. Calculate n(j).
4
Suppose 8 = -5*a + a. Let u(c) = -6*c + 2. Give u(a).
14
Let t be (-7 + -1 + -2)/1. Let j = t + 13. Let w(p) = p**3 - 3*p**2 + 2*p - 3. What is w(j)?
3
Let b(v) = 2*v + 12. Let a be b(-9). Let w(c) = c**2 + 8*c + 6. Give w(a).
-6
Let c(p) be the first derivative of 3 + 5/24*p**4 - 1/360*p**6 + 0*p**2 - p**3 + 1/120*p**5 + 0*p. Let h(d) be the third derivative of c(d). Calculate h(0).
5
Suppose r + 2*r = -2*u + 8, 5*r = u - 17. Suppose 2*h - u = 7. Let k(m) = m**2 - 6 - 2*m + h + 3*m. Give k(0).
1
Let d be 1 + -2 + 1 + 3. Suppose 2*v + 5*i - 29 = -v, -19 = -5*v - i. Let k(w) = v + 3*w - 2*w + 1. Give k(d).
7
Let g(v) = -3*v + 3. Let d(q) = -4*q + 4. Let t(o) = 2*d(o) - 3*g(o). Give t(3).
2
Let c(k) be the first derivative of k**3/6 - k**2/2 + 6*k + 4. Let o(s) be the first derivative of c(s). Determine o(-1).
-2
Let i(a) = a**3 - 5*a**2 + 2*a + 5. Let p be i(4). Let b(k) = 2*k**3 - 5*k**3 - 3*k**2 + 2*k**3 - 1 - 3*k + 0. Calculate b(p).
8
Let r(o) = -o**3 + 2*o**2 + 2. Suppose -5*i + 43 = 13. Suppose -6*n + i = -3*n. Calculate r(n).
2
Let a(d) = -d**3 + 5*d**2 - 4*d + 1. Let g be 4 + -1 - (-5)/5. Suppose 9 = -g*j + 25. Calculate a(j).
1
Suppose i - 5*i + 16 = 0. Let c be 2/(-4) + (-7)/(-2). Let n(z) = -z - 5*z + c*z**2 + 5 - 2*z**2. Determine n(i).
-3
Let m(c) = 5*c**2 - 7*c - 3. Let q(b) = b**2 - 1. Let a(j) = m(j) - 4*q(j). Let w(y) = -y**3 + 7*y**2 - 6*y - 2. Let r be w(5). Let h = r + -12. Give a(h).
-5
Suppose 0 = 3*l + 25 - 1. Let a = l - -5. Let w(o) = -5*o**3 - 2*o**2 - 2*o. Let v(r) = 4*r**3 + 2*r**2 + r + 1. Let y(q) = -4*v(q) - 3*w(q). Calculate y(a).
-1
Suppose -x + 2*g - 2 = 0, -g - 4*g = -5*x. Suppose 0*l = 2*l + x. Let q(y) = -2*y - 1 - 5*y**2 - 4*y**2 + 3*y**2 + 4*y**2. Determine q(l).
-1
Let p(m) = -m - 12*m**2 + 4 + 2*m**2 + 8 + m**3 + 0*m**3. Let q be p(10). Let y(f) = 4 + 2 + 3 + f**q + f. Determine y(0).
9
Let h be (9/(-6))/((-3)/8). Let k(c) = -8*c + 11. Let m(o) = 6 + 6 - 15*o + 7 + 2. Let x(p) = 11*k(p) - 6*m(p). Calculate x(h).
3
Let n(b) = -b + 7*b**2 + 10*b**2 + 3 - 18*b**2 + 1. What is n(3)?
-8
Let o be (1 + -2)*(0 + 1). Let t(c) be the second derivative of 2*c**3/3 + c**2/2 - 3*c. What is t(o)?
-3
Let j(l) = 2*l**2 + 9*l - 11. Let u(g) = g**2 + 4*g - 5. Let c(w) = 2*j(w) - 5*u(w). Let z(f) = 2*f - 5. Let r be z(5). Suppose 4*d = -11 - r. What is c(d)?
-5
Let p = 4 + -2. Suppose 10 = 5*j - 5. Let u(c) = c - 5*c + 2*c**j + c + 1. What is u(p)?
11
Let b(o) be the third derivative of 0 + 0*o - 1/12*o**5 + 1/8*o**4 + 0*o**3 + 8*o**2. Give b(2).
-14
Let l(h) = h**2 + 4*h - 4. Let t be l(-5). Suppose -2*d + 1 = -t. Let q(m) = -3*m**2 + 2*m - 1. Determine q(d).
-2
Let u(k) = 1. Let o(y) = 0*y + 0*y - y + 3. Suppose -4*i + 1 = -3*i. Let b(m) = i*o(m) - 4*u(m). Give b(-1).
0
Suppose -3*y = 2*l - 11, 0 = -4*y + 5*l + 39 - 9. Suppose y*c = 3*c + 2. Let f(q) = c + 9*q**2 - 5*q + 3 - 8*q**2. Determine f(5).
4
Let m(u) = 3*u - 2. Let r(f) be the third derivative of -f**6/120 - f**5/12 + f**4/4 + f**3 + 2*f**2. Let k be r(-6). Let i be (1 + 2)/(-9)*k. Give m(i).
-8
Let p(r) = r**3 - 2*r**2 - r - 2. Suppose -6 = 3*w - 3*o, 3*o - 2*o - 5 = 0. Calculate p(w).
4
Let k(z) = -z + 11. Let n = 30 + -15. Suppose n = g + 7. Let d be k(g). Let y(s) = s**2 - 4*s - 1. Calculate y(d).
-4
Let m(u) = 4*u**3 + 2*u**2 + u. Let a be m(-1). Let n(t) = 6*t + 56*t**2 - 20*t**2 - 16*t**2 - 19*t**2. Give n(a).
-9
Let f(t) = -t**2 + 6*t. Let m be (-4)/(-32) + (-94)/(-16). What is f(m)?
0
Let g(s) be the third derivative of -s**6/24 - s**5/30 + s**3/6 - 2*s**2. Suppose 8 = 2*u - 2, 0 = -4*p + 4*u - 24. Give g(p).
4
Let r(y) be the third derivative of -y**5/30 - y**4/24 + y**3/3 - 2*y**2 + 2. What is r(2)?
-8
Let n be (10/(-3))/((-30)/(-45)). Let w(z) = -7*z**2 - 10*z - 2. Let s(m) = 8*m**2 + 11*m + 2. Let v(o) = 6*s(o) + 7*w(o). Give v(n).
-7
Let p(n) = 2*n - 9. Let i be p(6). Suppose 0*q = 3*q + i. Let u(h) = h. Let z(y) = -14*y. Let x(w) = -6*u(w) - z(w). Determine x(q).
-8
Let p(t) = -7*t - 16*t - 3*t + 4 - 5. Calculate p(-1).
25
Let g(b) = b**2 + 4*b + 3. Let z be g(-3). Let a(d) = -d**3 - d**2 - d + 2. What is a(z)?
2
Let r(o) = -o + 2. Let z be (-2)/(-5) - (-4)/(-10). Give r(z).
2
Let c(z) be the second derivative of -z**4/12 + z**3 - 3*z**2/2 + 15*z. Let v = -11 - -14. Determine c(v).
6
Let n(t) be the first derivative of -5/3*t**3 + t + 1/4*t**4 - 1/2*t**2 - 1. Determine n(5).
-4
Let b(m) = 5*m**3 + 8*m**2 - 3*m + 8. Let p(x) = 4*x**3 + 7*x**2 - 3*x + 7. Let q(o) = -5*b(o) + 6*p(o). Let j(u) = -2*u. Let r be j(-1). Calculate q(r).
-4
Let l(x) = -4 + 12 - 7 - 2*x. Give l(2).
-3
Let f(o) = -2*o - 3. Let v(x) = 10*x + 16. Let p(k) = 11*f(k) + 2*v(k). Let y(w) = -w**3 + 6*w**2 - 6*w + 7. Let j be y(5). Calculate p(j).
-5
Let h(d) be the first derivative of -d**2/2 + 7*d - 4. Give h(0).
7
Let i = 48 + -53. Let f(b) = b**3 + 6*b**2 + 7*b + 4. Give f(i).
-6
Let d(z) = z + 36*z**2 - 35*z**2 + 0*z + 12*z**3. What is d(-1)?
-12
Let u(h) = 2*h**2 + h - 3. Let b(p) = -p**2 + 1. Let o(a) = 13*b(a) + 6*u(a). Determine o(4).
3
Let l(z) = -7*z - 6*z + 2*z. Give l(-1).
11
Let k be -6*((-9)/6 + 2) - -2. Let b(a) be the third derivative of a**6/60 + a**5/60 + a**4/24 + a**2. Calculate b(k).
-2
Let r(j) be the first derivative of 11*j**3/3 - j**2 - j + 22. What is r(-1)?
12
Let g(b) be the first derivative of -b**3/3 + b**2 + 2*b - 9. Let d(k) = k**2 + 3. Let u be d(0). Calculate g(u).
-1
Let r(g) = -3*g**3 + 5*g**2 + 6. Let s(b) = -8*b**3 + 15*b**2 + b + 18. Let h(w) = 11*r(w) - 4*s(w). Give h(-4).
-6
Let t(b) be the third derivative of -b**5/60 + b**4/24 + b**3/6 - 20*b**2. What is t(-3)?
-11
Let k(j) be the first derivative of j**3/3 + j**2 + 2*j - 12. Give k(-3).
5
Let h(q) = 3 - 2 - 7